-2*j**3 + 1. Let r(z) = h(z) - 5*q(z). What is r(3)?
-11
Let z = 5 - 4. Let n(s) be the third derivative of -s**5/10 + s**3/6 + 13*s**2 + 7*s. Give n(z).
-5
Let s(o) = -o**2 + 61*o - 7. Let y(p) = -11*p + 1. Let d(x) = s(x) + 6*y(x). Let m be 12/2*1*-1. Calculate d(m).
-7
Let j(v) be the third derivative of -v**7/5040 + 13*v**6/720 - v**5/2 - 32*v**2. Let w(n) be the third derivative of j(n). What is w(9)?
4
Let v(p) = 2*p**2 - 2*p - 2*p**2 - 1039 - 3*p**2 + 1041. Calculate v(-4).
-38
Suppose -4*w + 50 = -58. Suppose -22*n = -w*n + 20. Suppose 0 = -5*m - 2*l - 36, -2*m = -n*m - l - 15. Let i(b) = b**2 + 4*b - 1. What is i(m)?
11
Let y(p) = -12*p**3 - p**2. Let k = -105 + 106. Determine y(k).
-13
Let i be (0 - 5)*(-2 - 1). Let o be (-15)/50*-5 + (-3)/(-6). Let q(k) = i + 2*k - k - o*k. Calculate q(0).
15
Let r(v) = -v**3 - 10*v**2 + 33*v + 4. Let z(x) = 2*x**3 + 19*x**2 - 60*x - 8. Let w(i) = 11*r(i) + 6*z(i). Determine w(-4).
-16
Let o = 16 - 10. Let h(x) = -7 + o*x + x**2 - 5*x + 5*x. What is h(-6)?
-7
Let y = 4 - 1. Let t(l) = l + 2*l + 2 + 3*l**2 + 0*l**2 + 2*l**y + l**2. Let m(d) = 8*d**2 + 11*d + 1. Let f be m(-1). Give t(f).
-4
Let q = 53 + -56. Let y(c) be the second derivative of -5*c**3/6 + c**2/2 - 3*c. What is y(q)?
16
Let w(h) be the second derivative of -h**4/12 - h**3/6 - h**2/2 - 2*h - 5. Let y = 5 + -4. Suppose -z + y = -2*z. Determine w(z).
-1
Let r(h) = h**2 + 8*h - 2. Let p be r(-9). Let z(v) be the second derivative of v**3/6 - 4*v**2 - v. Give z(p).
-1
Let c(o) = -o**3 - 5*o**2 + 2*o + 4. Suppose -5*x + 9*x - 24 = 0. Suppose x*n = -3*n - 45. Determine c(n).
-6
Let o(u) be the third derivative of -11*u**4/24 - 10*u**2. Let q(p) = p**3 - 3*p**2 - 4*p - 1. Let w be q(4). What is o(w)?
11
Let u(r) be the second derivative of -1/3*r**3 + r - 1/60*r**5 + 0 + 0*r**2 + 1/6*r**4. Let o(v) be the second derivative of u(v). Give o(3).
-2
Let p(b) be the first derivative of b**2/2 - 2*b + 13. Suppose 4*g - 6 = 3*g. Suppose -3*t + 6 + g = 0. What is p(t)?
2
Suppose 5 = n + 3. Let b(s) = 12*s + s**n - 10 + 3 - 4. Let k be b(-13). Let j(y) = -3*y + 2. Give j(k).
-4
Let j(i) = -i - 4. Let z(t) = t + 8. Let m = -25 + 30. Let f(o) = m*j(o) + 3*z(o). Let y = -9 - -14. Give f(y).
-6
Suppose -s - 2*s + 17 = -j, 58 = -4*j + 2*s. Let t = j - 6. Let y = -22 - t. Let f(o) = 2*o + 2. What is f(y)?
-2
Let x(m) = m**3 + 7*m**2 + 7*m + 8. Suppose 0 = 9*n - 13*n + 8. Let v be (n/4)/((-282)/(-72) + -4). Give x(v).
2
Let j(i) = -410*i - 2056. Let h be j(-5). Let f(v) = -v + 0 + 0 - 1. What is f(h)?
5
Let l(n) be the first derivative of -n**5/20 - n**4/6 + n**3/6 - n**2 - 12*n + 4. Let g(x) be the first derivative of l(x). Determine g(-3).
4
Let r(v) = 2*v**2 + 13*v + 11. Let q(c) = c**2 + 13*c + 10. Let s(h) = 3*q(h) - 2*r(h). Calculate s(14).
-6
Let i(w) be the first derivative of -w**6/360 - w**4/12 - 8*w**3/3 - 11. Let n(u) be the third derivative of i(u). Suppose -b = 4*b. Calculate n(b).
-2
Let i(a) be the second derivative of a**4/24 + a**3/2 + 15*a**2/2 - 13*a. Let l(h) be the first derivative of i(h). What is l(-4)?
-1
Let s(w) = 2*w + 8. Let j(i) = 5*i + 24. Let v(l) = 2*j(l) - 7*s(l). Give v(-10).
32
Let p(v) = -5*v + 1. Suppose 20*h - 22*h + 30 = 0. Let k = h - 16. Calculate p(k).
6
Let h = -45 + 54. Let a be (h + -3)/(2 + -3). Let w(z) be the third derivative of z**5/60 + z**4/3 + z**3/2 + z**2. Calculate w(a).
-9
Suppose 2*k - 3 = -3*u - 1, u = -k + 1. Let p = -109 - -111. Let j(z) = p - 1 + u + z + 1. Give j(-3).
-1
Let z(j) = -5*j**2 - 54*j + 3. Let s(h) = 6*h**2 + 67*h - 2. Let m(d) = -4*s(d) - 5*z(d). Calculate m(-3).
-4
Let b(m) = m**2 + 7*m - 13. Let g be b(3). Let d(z) = z**3 - 18*z**2 + 17*z - 5. Give d(g).
-5
Let r(a) be the third derivative of a**6/120 - a**5/60 + 3*a**3 + 284*a**2. What is r(0)?
18
Suppose r + r = 0. Suppose r = j - 2*j + 3. Let w(y) = 5*y + 0*y**2 + 3 - 2*y**2 + 3*y - 5*y. Determine w(j).
-6
Let c(j) = -j + 2. Let h = -2083 - -2083. Give c(h).
2
Let r(z) be the first derivative of -z**2 + 10*z - 18. Give r(8).
-6
Let f(l) = l**3 + 15*l**2 + 15*l + 19. Suppose -12 = 2*m - 4*w, m = 2*m + 12*w + 62. Calculate f(m).
5
Let d(z) be the second derivative of -z**3/6 + 4*z**2 - 45*z + 2. Determine d(6).
2
Let t(h) = h**3 - 2*h**2 - 3*h - 1. Suppose -19 = -a + 4*d + 14, -4*d = 20. Let n = a - 9. Suppose 0 = n*x - 0*x - 5*f - 37, 28 = x - 5*f. Determine t(x).
-1
Suppose -21*a - 60 = 9*a. Let j(p) = 2*p**3 + 2*p**2 - p - 1. Give j(a).
-7
Let x(i) be the first derivative of -i + i**2 + 2/3*i**3 + 18. Give x(2).
11
Let b(h) = -h - 1 + 2 - 3*h**2 - 2. Suppose 58 = -3*s + 5*k, -2*k + 22 + 46 = -4*s. Let w = -18 - s. Determine b(w).
-11
Let g(q) = -3*q**3 - 2*q**2 + 8*q - 17*q + q**3 + 8*q + q**2. What is g(2)?
-22
Suppose g + 2 = 4. Let x(h) = -2*h**2 + 0*h**2 + 1 + 2*h**2 - h - 3*h**g + h**3. Determine x(3).
-2
Let d(x) = -x**2 + 5. Let i(p) = -3*p. Let q = -26 - -27. Let k be i(q). Let j = -1 + k. Determine d(j).
-11
Let i(v) = -v - 3. Let s(k) = k**3 + 7*k**2 + 13*k + 97. Let o be s(-7). What is i(o)?
-9
Suppose 2*f - 21 = 3*i, 4*f + f = -2*i + 5. Let k(m) = -m**2 + 3*m. Determine k(f).
0
Let k(j) = j. Suppose -3*t + 27 = 21. Suppose -3*o - t = -17. Determine k(o).
5
Let u(v) = 10*v - 29*v**2 + 71*v**2 - 29*v**2 - 4 - 20*v**2 + v**3 - 4. Calculate u(6).
16
Let v(x) = -6*x**2 - 17*x + 1. Let u(q) = 5*q**2 - 6*q + 2*q**2 - 5*q**2 - 4*q**2. Let w(p) = -11*u(p) + 4*v(p). Calculate w(-3).
-8
Let o(h) = -7*h**2 - 6*h - 1. Let y(g) = -6*g**2 - 6*g - 2. Let s(d) = 5*o(d) - 6*y(d). Suppose -2 = 3*k + n + 13, 4*n = 2*k + 10. What is s(k)?
2
Let d = -108 - -68. Let m = 40 + d. Let f(w) = -w**2 - w + 2. What is f(m)?
2
Suppose 167 = 4*t + 3*u, -t = -5*u - 2 - 11. Let m = -47 + t. Let k(v) = v + 1. Calculate k(m).
-8
Let n(v) = 249 - 3*v**2 + 2*v**2 + 275 + 2*v**2 + 5*v - 562. Give n(-9).
-2
Let r = 1 + 3. Suppose -5*x + 2*w - 5 = 0, -r*x + 3*w = -w + 16. Let y(a) be the second derivative of -a**3 + a**2/2 - 80*a - 4. Calculate y(x).
-5
Let t(j) = -10*j**2 + 5*j**2 + 10 + 4*j**2. Suppose 8*r - 30 = 2*r. Suppose 5*s = -r*h - 10, -2*h + 2*s + 2 + 2 = 0. Determine t(h).
10
Suppose -4*o + 40 - 16 = 0. Suppose -o*v + 6 = -3*v. Let q(i) = 2*i**3 - 2*i**2 - i. Determine q(v).
6
Let w = -56 - -61. Let s(t) = 9 - 8*t + t + w*t. Calculate s(6).
-3
Let r(q) = -3*q**2 - 4*q**3 - 2 - 4*q + 3*q**3 - 1. Let i = 1007 + -1009. Calculate r(i).
1
Let z = -206 - -207. Let t(h) = -7*h**2 - 1. Give t(z).
-8
Let z(q) be the second derivative of -1/20*q**5 - 15*q - 1/12*q**4 + 1/6*q**3 + 13/2*q**2 + 0. Let y = -1 - -1. Calculate z(y).
13
Let p(n) = n**3 - 4*n**2 - n - 3. Suppose 0 = 11*b - 10*b + 4. Let d be b/(-22) - 11/(726/(-252)). What is p(d)?
-7
Let c(p) = p**3 - p + 2*p + 3 + 2*p**2 + 3*p - p. Let q(l) = -l - 15. Let o be q(-13). Calculate c(o).
-3
Let h(a) be the third derivative of 1/60*a**5 + 1/6*a**3 + 0*a + 23*a**2 + 0 - 1/12*a**4 + 3/40*a**6. Give h(1).
9
Let m(t) = -6*t**3 - 6*t + 6. Let v(u) = 7*u**3 + u**2 + 8*u - 8. Let d(g) = -6*m(g) - 5*v(g). What is d(4)?
-28
Let q(k) = -k**3 - 10*k**2 + 10*k - 13. Let y be ((-49)/14)/7*(26 - 4). Determine q(y).
-2
Let y(p) be the second derivative of -1/2*p**2 + 1/20*p**5 + 0 + 5/12*p**4 + 1/6*p**3 - 19*p. Let q = 2 - 4. Determine y(q).
9
Let b(y) = 0*y**2 - 137*y - 3 - 5*y**2 + 134*y + 4*y**2 + 2*y**2. Let m be 4/(-6)*(-7 - -1). Let h(k) = k**3 - 5*k**2 + 6*k - 4. Let z be h(m). Calculate b(z).
1
Let f(o) = o**2 - 7*o + 3. Let x(p) = -p**2 - 7*p + 20. Let l be x(-9). Give f(l).
-7
Let v(n) = 2*n**2 - 2*n + 1. Suppose 4*k = 7 + 17. Let c(d) = 4*d**3 + 7 - d**3 - d + 6*d**2 - 4*d**3. Let a be c(k). Determine v(a).
1
Let w(l) = l**2 - 6*l + 2. Suppose -4*t - 3*r + 47 = -1, -3*r = -12. Suppose t*n - 54 = -0*n. Determine w(n).
2
Let s(d) = -d**3 + 4*d**2 - 4*d + 5. Suppose 4*b = -5*l + b, 4*l + b - 7 = 0. Let g be s(l). Let z(v) = -7*v - 1. Calculate z(g).
-15
Let u be 22/(-18) - 4/(-18). Let g(t) = 35*t**3 - 3*t + 2. Let k(h) = -18*h**3 + h - 1. Let a(w) = -2*g(w) - 5*k(w). What is a(u)?
-20
Let j(i) = -i**2 + 8*i + 1. Let n = 37 - -27. Suppose 3*z + 8 = -n. Let q be 0 + 10 - z/(-6). Give j(q).
13
Let l(n) = -1 + 19*n + 12 - 3*n - 3*n**2. Let g be l(6). Let f(b) = -9*b**3 + b**2 - b - 1. Calculate f(g).
10